{"id":13361,"date":"2021-04-02T10:31:32","date_gmt":"2021-04-02T10:31:32","guid":{"rendered":"https:\/\/swest.ee\/ehitus\/?page_id=13361"},"modified":"2021-09-06T09:03:47","modified_gmt":"2021-09-06T09:03:47","slug":"meist","status":"publish","type":"page","link":"https:\/\/swest.ee\/ehitus\/meist\/","title":{"rendered":"Meist"},"content":{"rendered":"[vc_section full_width=&#8221;stretch_row&#8221; pix_over_visibility=&#8221;&#8221; bottom_divider_select=&#8221;17&#8243; b_2_is_gradient=&#8221;true&#8221; b_2_color=&#8221;rgba(255,255,255,0.7)&#8221; b_2_color_2=&#8221;rgba(255,255,255,0.7)&#8221; b_3_is_gradient=&#8221;true&#8221; b_3_color=&#8221;#e9ecef&#8221; b_3_color_2=&#8221;#dee2e6&#8243; b_custom_height=&#8221;500px&#8221; css=&#8221;.vc_custom_1617450873108{padding-bottom: 80px !important;}&#8221;][vc_row pix_particles_check=&#8221;&#8221; css=&#8221;.vc_custom_1629544101576{padding-bottom: 80px !important;}&#8221;][vc_column css=&#8221;.vc_custom_1629544145281{padding-top: 20px !important;padding-bottom: 20px !important;}&#8221;]<div class=\"card  overflow-hidden row no-gutters flex-column flex-md-row flex-md-row-reverse   vc_custom_1630919026568 shadow-lg  animate-in \" data-anim-delay=\"0\" data-anim-type=\"fade-in-up\"><div class=\"flex-column d-inline-flex position-relative col-md-6\"><img decoding=\"async\" class=\"pix-lazy card-img pix-fit-cover rounded-0 flex-grow-1 h-100\" src=\"https:\/\/swest.ee\/ehitus\/wp-content\/plugins\/pixfort-core\/functions\/images\/placeholder.png\" data-srcset=\"https:\/\/swest.ee\/ehitus\/wp-content\/uploads\/2021\/09\/20200702_080536-300x135.jpg 300w, https:\/\/swest.ee\/ehitus\/wp-content\/uploads\/2021\/09\/20200702_080536-1024x461.jpg 1024w, https:\/\/swest.ee\/ehitus\/wp-content\/uploads\/2021\/09\/20200702_080536-768x346.jpg 768w, https:\/\/swest.ee\/ehitus\/wp-content\/uploads\/2021\/09\/20200702_080536.jpg 1200w\" data-src=\"https:\/\/swest.ee\/ehitus\/wp-content\/uploads\/2021\/09\/20200702_080536.jpg\" loading=\"lazy\" alt=\"\" \/><\/div><div class=\"card-body d-flex2 align-content-between flex-wrap col-md-6 p-lg-5 p-md-5 p-4 \"><h6 class=\"d-inline-block mr-1 animate-in\" data-anim-type=\"fade-in-up\" data-anim-delay=\"0\"><span class=\"badge font-weight-bold secondary-font shadow-hover-lg bg-gray-1  vc_custom_1629473738692  \" style=\" \"><span class=\"text-heading-default\" style=\"\">Swest O\u00dc<\/span><\/span><\/h6><div class=\"mb-3 text-left  vc_custom_1617450907719\"><h2 class=\"mb-32 pix-sliding-headline font-weight-bold secondary-font\" data-class=\"secondary-font text-heading-default\" data-style=\"\">Firmast<\/h2><\/div><div class=\"slide-in-container w-100   vc_custom_1629543836740\" ><p class=\"  text-body-default  \" ><span class=\"animate-in d-inline-block\" data-anim-delay=\"200\" data-anim-type=\"fade-in-up\">Oleme v\u00e4ike ehitusettev\u00f5te, kelle p\u00f5hitegevusalaks on elu- ja mitteeluhoonete ehitus, rekonstrueerimine ja renoveerimine. T\u00e4nu oskuslikule meeskonnale suudame pakkuda k\u00f5iki ehituslikke t\u00f6id omade j\u00f5ududega ning seel\u00e4bi pakkuda kliendile kvaliteetset ning taskukohasemat teenust kui konkureerivad ettev\u00f5tted. Leiame sobiva lahenduse igale ideele vundamendist kuni &#8220;v\u00f5tmed k\u00e4tte&#8221;!\r\nAnname endast alati parima, et olla usaldusv\u00e4\u00e4rne ning kvaliteetne teenuse pakkuja. <\/span><\/p><\/div><a  href=\"https:\/\/swest.ee\/ehitus\/teenused\/\" class=\"btn mb-2     shadow shadow-hover text-heading-default btn-white d-inline-block    secondary-font  animate-in btn-md\"   data-anim-type=\"fade-in-up\" data-anim-delay=\"400\" ><i class=\"font-weight-bold pixicon-list-side   mr-1\"><\/i> <span class=\"font-weight-bold \" >Teenused<\/span><\/a><a  href=\"https:\/\/swest.ee\/ehitus\/kontakt\/\" class=\"btn mb-2     shadow shadow-hover text-heading-default btn-white d-inline-block    secondary-font  animate-in btn-md\"   data-anim-type=\"fade-in-up\" data-anim-delay=\"400\" ><i class=\"font-weight-bold pixicon-messages-3   mr-1\"><\/i> <span class=\"font-weight-bold \" >V\u00f5ta \u00fchendust<\/span><\/a><\/div><\/div>\n[\/vc_column][\/vc_row][\/vc_section]","protected":false},"excerpt":{"rendered":"[vc_section full_width=&#8221;stretch_row&#8221; pix_over_visibility=&#8221;&#8221; bottom_divider_select=&#8221;17&#8243; b_2_is_gradient=&#8221;true&#8221; b_2_color=&#8221;rgba(255,255,255,0.7)&#8221; b_2_color_2=&#8221;rgba(255,255,255,0.7)&#8221; b_3_is_gradient=&#8221;true&#8221; b_3_color=&#8221;#e9ecef&#8221; b_3_color_2=&#8221;#dee2e6&#8243; b_custom_height=&#8221;500px&#8221; css=&#8221;.vc_custom_1617450873108{padding-bottom: 80px !important;}&#8221;][vc_row pix_particles_check=&#8221;&#8221; css=&#8221;.vc_custom_1629544101576{padding-bottom: 80px !important;}&#8221;][vc_column css=&#8221;.vc_custom_1629544145281{padding-top: 20px !important;padding-bottom: 20px !important;}&#8221;][\/vc_column][\/vc_row][\/vc_section]","protected":false},"author":2,"featured_media":0,"parent":0,"menu_order":0,"comment_status":"closed","ping_status":"closed","template":"","meta":{"footnotes":""},"class_list":["post-13361","page","type-page","status-publish","hentry"],"yoast_head":"<!-- This site is optimized with the Yoast SEO plugin v17.0 - https:\/\/yoast.com\/wordpress\/plugins\/seo\/ -->\n<title>Meist - Swest Ehitus<\/title>\n<meta name=\"robots\" content=\"index, follow, max-snippet:-1, max-image-preview:large, max-video-preview:-1\" \/>\n<link rel=\"canonical\" href=\"https:\/\/swest.ee\/ehitus\/meist\/\" \/>\n<meta property=\"og:locale\" content=\"et_EE\" \/>\n<meta property=\"og:type\" content=\"article\" \/>\n<meta property=\"og:title\" content=\"Meist - Swest Ehitus\" \/>\n<meta property=\"og:description\" content=\"[vc_section full_width=&#8221;stretch_row&#8221; pix_over_visibility=&#8221;&#8221; bottom_divider_select=&#8221;17&#8243; b_2_is_gradient=&#8221;true&#8221; b_2_color=&#8221;rgba(255,255,255,0.7)&#8221; b_2_color_2=&#8221;rgba(255,255,255,0.7)&#8221; b_3_is_gradient=&#8221;true&#8221; b_3_color=&#8221;#e9ecef&#8221; b_3_color_2=&#8221;#dee2e6&#8243; b_custom_height=&#8221;500px&#8221; css=&#8221;.vc_custom_1617450873108{padding-bottom: 80px !important;}&#8221;][vc_row pix_particles_check=&#8221;&#8221; css=&#8221;.vc_custom_1629544101576{padding-bottom: 80px !important;}&#8221;][vc_column css=&#8221;.vc_custom_1629544145281{padding-top: 20px !important;padding-bottom: 20px !important;}&#8221;][\/vc_column][\/vc_row][\/vc_section]\" \/>\n<meta property=\"og:url\" content=\"https:\/\/swest.ee\/ehitus\/meist\/\" \/>\n<meta property=\"og:site_name\" content=\"Swest Ehitus\" \/>\n<meta property=\"article:modified_time\" content=\"2021-09-06T09:03:47+00:00\" \/>\n<meta name=\"twitter:card\" content=\"summary_large_image\" \/>\n<meta name=\"twitter:label1\" content=\"Est. reading time\" \/>\n\t<meta name=\"twitter:data1\" content=\"2 minutit\" \/>\n<script type=\"application\/ld+json\" class=\"yoast-schema-graph\">{\"@context\":\"https:\/\/schema.org\",\"@graph\":[{\"@type\":\"WebSite\",\"@id\":\"https:\/\/swest.ee\/ehitus\/#website\",\"url\":\"https:\/\/swest.ee\/ehitus\/\",\"name\":\"Swest Ehitus\",\"description\":\"Just another WordPress site\",\"potentialAction\":[{\"@type\":\"SearchAction\",\"target\":{\"@type\":\"EntryPoint\",\"urlTemplate\":\"https:\/\/swest.ee\/ehitus\/?s={search_term_string}\"},\"query-input\":\"required name=search_term_string\"}],\"inLanguage\":\"et\"},{\"@type\":\"WebPage\",\"@id\":\"https:\/\/swest.ee\/ehitus\/meist\/#webpage\",\"url\":\"https:\/\/swest.ee\/ehitus\/meist\/\",\"name\":\"Meist - Swest Ehitus\",\"isPartOf\":{\"@id\":\"https:\/\/swest.ee\/ehitus\/#website\"},\"datePublished\":\"2021-04-02T10:31:32+00:00\",\"dateModified\":\"2021-09-06T09:03:47+00:00\",\"breadcrumb\":{\"@id\":\"https:\/\/swest.ee\/ehitus\/meist\/#breadcrumb\"},\"inLanguage\":\"et\",\"potentialAction\":[{\"@type\":\"ReadAction\",\"target\":[\"https:\/\/swest.ee\/ehitus\/meist\/\"]}]},{\"@type\":\"BreadcrumbList\",\"@id\":\"https:\/\/swest.ee\/ehitus\/meist\/#breadcrumb\",\"itemListElement\":[{\"@type\":\"ListItem\",\"position\":1,\"name\":\"Home\",\"item\":\"https:\/\/swest.ee\/ehitus\/\"},{\"@type\":\"ListItem\",\"position\":2,\"name\":\"Meist\"}]}]}<\/script>\n<!-- \/ Yoast SEO plugin. -->","yoast_head_json":{"title":"Meist - Swest Ehitus","robots":{"index":"index","follow":"follow","max-snippet":"max-snippet:-1","max-image-preview":"max-image-preview:large","max-video-preview":"max-video-preview:-1"},"canonical":"https:\/\/swest.ee\/ehitus\/meist\/","og_locale":"et_EE","og_type":"article","og_title":"Meist - Swest Ehitus","og_description":"[vc_section full_width=&#8221;stretch_row&#8221; pix_over_visibility=&#8221;&#8221; bottom_divider_select=&#8221;17&#8243; b_2_is_gradient=&#8221;true&#8221; b_2_color=&#8221;rgba(255,255,255,0.7)&#8221; b_2_color_2=&#8221;rgba(255,255,255,0.7)&#8221; b_3_is_gradient=&#8221;true&#8221; b_3_color=&#8221;#e9ecef&#8221; b_3_color_2=&#8221;#dee2e6&#8243; b_custom_height=&#8221;500px&#8221; css=&#8221;.vc_custom_1617450873108{padding-bottom: 80px !important;}&#8221;][vc_row pix_particles_check=&#8221;&#8221; css=&#8221;.vc_custom_1629544101576{padding-bottom: 80px !important;}&#8221;][vc_column css=&#8221;.vc_custom_1629544145281{padding-top: 20px !important;padding-bottom: 20px !important;}&#8221;][\/vc_column][\/vc_row][\/vc_section]","og_url":"https:\/\/swest.ee\/ehitus\/meist\/","og_site_name":"Swest Ehitus","article_modified_time":"2021-09-06T09:03:47+00:00","twitter_card":"summary_large_image","twitter_misc":{"Est. reading time":"2 minutit"},"schema":{"@context":"https:\/\/schema.org","@graph":[{"@type":"WebSite","@id":"https:\/\/swest.ee\/ehitus\/#website","url":"https:\/\/swest.ee\/ehitus\/","name":"Swest Ehitus","description":"Just another WordPress site","potentialAction":[{"@type":"SearchAction","target":{"@type":"EntryPoint","urlTemplate":"https:\/\/swest.ee\/ehitus\/?s={search_term_string}"},"query-input":"required name=search_term_string"}],"inLanguage":"et"},{"@type":"WebPage","@id":"https:\/\/swest.ee\/ehitus\/meist\/#webpage","url":"https:\/\/swest.ee\/ehitus\/meist\/","name":"Meist - Swest Ehitus","isPartOf":{"@id":"https:\/\/swest.ee\/ehitus\/#website"},"datePublished":"2021-04-02T10:31:32+00:00","dateModified":"2021-09-06T09:03:47+00:00","breadcrumb":{"@id":"https:\/\/swest.ee\/ehitus\/meist\/#breadcrumb"},"inLanguage":"et","potentialAction":[{"@type":"ReadAction","target":["https:\/\/swest.ee\/ehitus\/meist\/"]}]},{"@type":"BreadcrumbList","@id":"https:\/\/swest.ee\/ehitus\/meist\/#breadcrumb","itemListElement":[{"@type":"ListItem","position":1,"name":"Home","item":"https:\/\/swest.ee\/ehitus\/"},{"@type":"ListItem","position":2,"name":"Meist"}]}]}},"_links":{"self":[{"href":"https:\/\/swest.ee\/ehitus\/wp-json\/wp\/v2\/pages\/13361","targetHints":{"allow":["GET"]}}],"collection":[{"href":"https:\/\/swest.ee\/ehitus\/wp-json\/wp\/v2\/pages"}],"about":[{"href":"https:\/\/swest.ee\/ehitus\/wp-json\/wp\/v2\/types\/page"}],"author":[{"embeddable":true,"href":"https:\/\/swest.ee\/ehitus\/wp-json\/wp\/v2\/users\/2"}],"replies":[{"embeddable":true,"href":"https:\/\/swest.ee\/ehitus\/wp-json\/wp\/v2\/comments?post=13361"}],"version-history":[{"count":18,"href":"https:\/\/swest.ee\/ehitus\/wp-json\/wp\/v2\/pages\/13361\/revisions"}],"predecessor-version":[{"id":13490,"href":"https:\/\/swest.ee\/ehitus\/wp-json\/wp\/v2\/pages\/13361\/revisions\/13490"}],"wp:attachment":[{"href":"https:\/\/swest.ee\/ehitus\/wp-json\/wp\/v2\/media?parent=13361"}],"curies":[{"name":"wp","href":"https:\/\/api.w.org\/{rel}","templated":true}]}}